{"id":115,"date":"2022-09-17T08:49:21","date_gmt":"2022-09-17T06:49:21","guid":{"rendered":"https:\/\/fwallschwil.ch\/WPNew\/?page_id=115"},"modified":"2026-01-20T14:41:49","modified_gmt":"2026-01-20T13:41:49","slug":"ueber-uns","status":"publish","type":"page","link":"https:\/\/fwallschwil.ch\/WPNew\/ueber-uns\/","title":{"rendered":"\u00dcber uns"},"content":{"rendered":"\t\t<div data-elementor-type=\"wp-page\" data-elementor-id=\"115\" class=\"elementor elementor-115\">\n\t\t\t\t\t\t<section class=\"elementor-section elementor-top-section elementor-element elementor-element-6f3bcd2 elementor-section-boxed elementor-section-height-default elementor-section-height-default\" data-id=\"6f3bcd2\" data-element_type=\"section\">\n\t\t\t\t\t\t<div class=\"elementor-container elementor-column-gap-default\">\n\t\t\t\t\t<div class=\"elementor-column elementor-col-100 elementor-top-column elementor-element elementor-element-1ef1e1e\" data-id=\"1ef1e1e\" data-element_type=\"column\">\n\t\t\t<div class=\"elementor-widget-wrap elementor-element-populated\">\n\t\t\t\t\t\t<div class=\"elementor-element elementor-element-fb3e060 elementor-widget elementor-widget-image\" data-id=\"fb3e060\" data-element_type=\"widget\" data-widget_type=\"image.default\">\n\t\t\t\t<div class=\"elementor-widget-container\">\n\t\t\t\t\t\t\t\t\t\t\t\t\t\t\t<img fetchpriority=\"high\" decoding=\"async\" width=\"1024\" height=\"440\" src=\"https:\/\/fwallschwil.ch\/WPNew\/wp-content\/uploads\/2022\/11\/Mannschaft_2018-1024x440.jpeg\" class=\"attachment-large size-large wp-image-1315\" alt=\"\" srcset=\"https:\/\/fwallschwil.ch\/WPNew\/wp-content\/uploads\/2022\/11\/Mannschaft_2018-1024x440.jpeg 1024w, https:\/\/fwallschwil.ch\/WPNew\/wp-content\/uploads\/2022\/11\/Mannschaft_2018-300x129.jpeg 300w, https:\/\/fwallschwil.ch\/WPNew\/wp-content\/uploads\/2022\/11\/Mannschaft_2018-768x330.jpeg 768w, https:\/\/fwallschwil.ch\/WPNew\/wp-content\/uploads\/2022\/11\/Mannschaft_2018-1536x660.jpeg 1536w, https:\/\/fwallschwil.ch\/WPNew\/wp-content\/uploads\/2022\/11\/Mannschaft_2018.jpeg 1920w\" sizes=\"(max-width: 1024px) 100vw, 1024px\" \/>\t\t\t\t\t\t\t\t\t\t\t\t\t\t\t<\/div>\n\t\t\t\t<\/div>\n\t\t\t\t<div class=\"elementor-element elementor-element-a131843 elementor-widget elementor-widget-text-editor\" data-id=\"a131843\" data-element_type=\"widget\" data-widget_type=\"text-editor.default\">\n\t\t\t\t<div class=\"elementor-widget-container\">\n\t\t\t\t\t\t\t\t\t<p>Bei der Feuerwehr Allschwil-Sch\u00f6nenbuch leisten rund 65 sogenannte AdF (Angeh\u00f6rige der Feuerwehr) ihren Dienst f\u00fcr die Allgemeinheit. Sie stehen den ca. 20 000 Einwohnerinnen und Einwohnern w\u00e4hrend 365 Tagen 24 Stunden f\u00fcr Notf\u00e4lle \u201ezur Verf\u00fcgung\u201c.<\/p>\n<p class=\"bodytext\">Wir leisten \u00fcber 100 Eins\u00e4tze pro Jahr und sind entsprechend mit modernstem Material und Fahrzeugen ausger\u00fcstet.<\/p>\t\t\t\t\t\t\t\t<\/div>\n\t\t\t\t<\/div>\n\t\t\t\t<div class=\"elementor-element elementor-element-b0447c1 elementor-widget elementor-widget-text-editor\" data-id=\"b0447c1\" data-element_type=\"widget\" data-widget_type=\"text-editor.default\">\n\t\t\t\t<div class=\"elementor-widget-container\">\n\t\t\t\t\t\t\t\t\t<p><strong>Strategische F\u00fchrung<\/strong><\/p><p>Die beiden Gemeinden Allschwil und Sch\u00f6nenbuch f\u00fchren den Verbund strategisch durch den Steuerungsausschuss welcher aus zwei Personen aus dem Gemeinderat Allschwil und einer Person aus dem Gemeinderat Sch\u00f6nenbuch besteht. Das Feuerwehrkommando hat eine beratende Funktion f\u00fcr den\u00a0Ausschuss.\u00a0<\/p><p><strong>Feuerwehr Kommando<\/strong><\/p><p>Operativ wird die Feuerwehr vom Feuerwehrkommando gef\u00fchrt. Das Feuerwehrkommando setzt sich aus Kommandant, Kommandant-Stellvertreter, Feldweibel und Fourier zusammen.<\/p><p><strong>Kantonales Feuerwehr-Inspektorat<\/strong><\/p><p>Im weiteren unterliegt die Feuerwehr Allschwil-Sch\u00f6nenbuch auch der Aufsicht des kantonalen Feuerwehr-Inspektorats, welches mit der Kontrolle der Leistungsbereitschaft aller Feuerwehren im Kanton betraut ist.<\/p><p><b>Feuerwehr F\u00fchrungsteam<\/b><\/p><p>Die Feuerwehr wird durch 9 Offiziere, welche in diversen Bereichen t\u00e4tig sind, gef\u00fchrt.\u00a0<\/p><p>\u00a0<\/p>\t\t\t\t\t\t\t\t<\/div>\n\t\t\t\t<\/div>\n\t\t\t\t<div class=\"elementor-element elementor-element-4d48b40 elementor-widget elementor-widget-image\" data-id=\"4d48b40\" data-element_type=\"widget\" data-widget_type=\"image.default\">\n\t\t\t\t<div class=\"elementor-widget-container\">\n\t\t\t\t\t\t\t\t\t\t\t\t<figure class=\"wp-caption\">\n\t\t\t\t\t\t\t\t\t\t\t<a href=\"https:\/\/fwallschwil.ch\/WPNew\/wp-content\/uploads\/2026\/01\/20260120_FwA_Fuehrungsteam.jpg\" data-elementor-open-lightbox=\"yes\" data-elementor-lightbox-title=\"FwA_Fuehrungsteam_2026\" data-e-action-hash=\"#elementor-action%3Aaction%3Dlightbox%26settings%3DeyJpZCI6MjcwMCwidXJsIjoiaHR0cHM6XC9cL2Z3YWxsc2Nod2lsLmNoXC9XUE5ld1wvd3AtY29udGVudFwvdXBsb2Fkc1wvMjAyNlwvMDFcLzIwMjYwMTIwX0Z3QV9GdWVocnVuZ3N0ZWFtLmpwZyJ9\">\n\t\t\t\t\t\t\t<img decoding=\"async\" width=\"1024\" height=\"724\" src=\"https:\/\/fwallschwil.ch\/WPNew\/wp-content\/uploads\/2026\/01\/20260120_FwA_Fuehrungsteam-1024x724.jpg\" class=\"attachment-large size-large wp-image-2700\" alt=\"\" srcset=\"https:\/\/fwallschwil.ch\/WPNew\/wp-content\/uploads\/2026\/01\/20260120_FwA_Fuehrungsteam-1024x724.jpg 1024w, https:\/\/fwallschwil.ch\/WPNew\/wp-content\/uploads\/2026\/01\/20260120_FwA_Fuehrungsteam-300x212.jpg 300w, https:\/\/fwallschwil.ch\/WPNew\/wp-content\/uploads\/2026\/01\/20260120_FwA_Fuehrungsteam-768x543.jpg 768w, https:\/\/fwallschwil.ch\/WPNew\/wp-content\/uploads\/2026\/01\/20260120_FwA_Fuehrungsteam-1536x1086.jpg 1536w, https:\/\/fwallschwil.ch\/WPNew\/wp-content\/uploads\/2026\/01\/20260120_FwA_Fuehrungsteam-2048x1448.jpg 2048w\" sizes=\"(max-width: 1024px) 100vw, 1024px\" \/>\t\t\t\t\t\t\t\t<\/a>\n\t\t\t\t\t\t\t\t\t\t\t<figcaption class=\"widget-image-caption wp-caption-text\">F\u00fchrungsteam<\/figcaption>\n\t\t\t\t\t\t\t\t\t\t<\/figure>\n\t\t\t\t\t\t\t\t\t<\/div>\n\t\t\t\t<\/div>\n\t\t\t\t\t<\/div>\n\t\t<\/div>\n\t\t\t\t\t<\/div>\n\t\t<\/section>\n\t\t\t\t<section class=\"elementor-section elementor-top-section elementor-element elementor-element-e42a74a elementor-section-boxed elementor-section-height-default elementor-section-height-default\" data-id=\"e42a74a\" data-element_type=\"section\">\n\t\t\t\t\t\t<div class=\"elementor-container elementor-column-gap-default\">\n\t\t\t\t\t<div class=\"elementor-column elementor-col-100 elementor-top-column elementor-element elementor-element-8998050\" data-id=\"8998050\" data-element_type=\"column\">\n\t\t\t<div class=\"elementor-widget-wrap\">\n\t\t\t\t\t\t\t<\/div>\n\t\t<\/div>\n\t\t\t\t\t<\/div>\n\t\t<\/section>\n\t\t\t\t<\/div>\n\t\t","protected":false},"excerpt":{"rendered":"<p>Bei der Feuerwehr Allschwil-Sch\u00f6nenbuch leisten rund 65 sogenannte AdF (Angeh\u00f6rige der Feuerwehr) ihren Dienst f\u00fcr die Allgemeinheit. Sie stehen den ca. 20 000 Einwohnerinnen und Einwohnern w\u00e4hrend 365 Tagen 24 Stunden f\u00fcr Notf\u00e4lle \u201ezur Verf\u00fcgung\u201c. Wir leisten \u00fcber 100 Eins\u00e4tze pro Jahr und sind entsprechend mit modernstem Material und Fahrzeugen ausger\u00fcstet. Strategische F\u00fchrung Die beiden [&hellip;]<\/p>\n","protected":false},"author":2,"featured_media":0,"parent":0,"menu_order":0,"comment_status":"closed","ping_status":"closed","template":"","meta":{"footnotes":""},"class_list":["post-115","page","type-page","status-publish","hentry"],"yoast_head":"<!-- This site is optimized with the Yoast SEO plugin v26.2 - https:\/\/yoast.com\/wordpress\/plugins\/seo\/ -->\n<title>\u00dcber uns - Feuerwehr Allschwil-Sch\u00f6nenbuch<\/title>\n<meta name=\"robots\" content=\"index, follow, max-snippet:-1, max-image-preview:large, max-video-preview:-1\" \/>\n<link rel=\"canonical\" href=\"https:\/\/fwallschwil.ch\/WPNew\/ueber-uns\/\" \/>\n<meta property=\"og:locale\" content=\"de_DE\" \/>\n<meta property=\"og:type\" content=\"article\" \/>\n<meta property=\"og:title\" content=\"\u00dcber uns - Feuerwehr Allschwil-Sch\u00f6nenbuch\" \/>\n<meta property=\"og:description\" content=\"Bei der Feuerwehr Allschwil-Sch\u00f6nenbuch leisten rund 65 sogenannte AdF (Angeh\u00f6rige der Feuerwehr) ihren Dienst f\u00fcr die Allgemeinheit. Sie stehen den ca. 20 000 Einwohnerinnen und Einwohnern w\u00e4hrend 365 Tagen 24 Stunden f\u00fcr Notf\u00e4lle \u201ezur Verf\u00fcgung\u201c. Wir leisten \u00fcber 100 Eins\u00e4tze pro Jahr und sind entsprechend mit modernstem Material und Fahrzeugen ausger\u00fcstet. Strategische F\u00fchrung Die beiden [&hellip;]\" \/>\n<meta property=\"og:url\" content=\"https:\/\/fwallschwil.ch\/WPNew\/ueber-uns\/\" \/>\n<meta property=\"og:site_name\" content=\"Feuerwehr Allschwil-Sch\u00f6nenbuch\" \/>\n<meta property=\"article:modified_time\" content=\"2026-01-20T13:41:49+00:00\" \/>\n<meta property=\"og:image\" content=\"https:\/\/fwallschwil.ch\/WPNew\/wp-content\/uploads\/2022\/11\/Mannschaft_2018.jpeg\" \/>\n\t<meta property=\"og:image:width\" content=\"1920\" \/>\n\t<meta property=\"og:image:height\" content=\"825\" \/>\n\t<meta property=\"og:image:type\" content=\"image\/jpeg\" \/>\n<meta name=\"twitter:card\" content=\"summary_large_image\" \/>\n<meta name=\"twitter:label1\" content=\"Gesch\u00e4tzte Lesezeit\" \/>\n\t<meta name=\"twitter:data1\" content=\"2\u00a0Minuten\" \/>\n<script type=\"application\/ld+json\" class=\"yoast-schema-graph\">{\"@context\":\"https:\/\/schema.org\",\"@graph\":[{\"@type\":\"WebPage\",\"@id\":\"https:\/\/fwallschwil.ch\/WPNew\/ueber-uns\/\",\"url\":\"https:\/\/fwallschwil.ch\/WPNew\/ueber-uns\/\",\"name\":\"\u00dcber uns - Feuerwehr Allschwil-Sch\u00f6nenbuch\",\"isPartOf\":{\"@id\":\"https:\/\/fwallschwil.ch\/WPNew\/#website\"},\"primaryImageOfPage\":{\"@id\":\"https:\/\/fwallschwil.ch\/WPNew\/ueber-uns\/#primaryimage\"},\"image\":{\"@id\":\"https:\/\/fwallschwil.ch\/WPNew\/ueber-uns\/#primaryimage\"},\"thumbnailUrl\":\"https:\/\/fwallschwil.ch\/WPNew\/wp-content\/uploads\/2022\/11\/Mannschaft_2018-1024x440.jpeg\",\"datePublished\":\"2022-09-17T06:49:21+00:00\",\"dateModified\":\"2026-01-20T13:41:49+00:00\",\"breadcrumb\":{\"@id\":\"https:\/\/fwallschwil.ch\/WPNew\/ueber-uns\/#breadcrumb\"},\"inLanguage\":\"de\",\"potentialAction\":[{\"@type\":\"ReadAction\",\"target\":[\"https:\/\/fwallschwil.ch\/WPNew\/ueber-uns\/\"]}]},{\"@type\":\"ImageObject\",\"inLanguage\":\"de\",\"@id\":\"https:\/\/fwallschwil.ch\/WPNew\/ueber-uns\/#primaryimage\",\"url\":\"https:\/\/fwallschwil.ch\/WPNew\/wp-content\/uploads\/2022\/11\/Mannschaft_2018.jpeg\",\"contentUrl\":\"https:\/\/fwallschwil.ch\/WPNew\/wp-content\/uploads\/2022\/11\/Mannschaft_2018.jpeg\",\"width\":1920,\"height\":825},{\"@type\":\"BreadcrumbList\",\"@id\":\"https:\/\/fwallschwil.ch\/WPNew\/ueber-uns\/#breadcrumb\",\"itemListElement\":[{\"@type\":\"ListItem\",\"position\":1,\"name\":\"Startseite\",\"item\":\"https:\/\/fwallschwil.ch\/WPNew\/\"},{\"@type\":\"ListItem\",\"position\":2,\"name\":\"\u00dcber uns\"}]},{\"@type\":\"WebSite\",\"@id\":\"https:\/\/fwallschwil.ch\/WPNew\/#website\",\"url\":\"https:\/\/fwallschwil.ch\/WPNew\/\",\"name\":\"Feuerwehr Allschwil-Sch\u00f6nenbuch\",\"description\":\"Die Webseite der Feuerwehr Allschwil-Sch\u00f6nenbuch\",\"publisher\":{\"@id\":\"https:\/\/fwallschwil.ch\/WPNew\/#organization\"},\"potentialAction\":[{\"@type\":\"SearchAction\",\"target\":{\"@type\":\"EntryPoint\",\"urlTemplate\":\"https:\/\/fwallschwil.ch\/WPNew\/?s={search_term_string}\"},\"query-input\":{\"@type\":\"PropertyValueSpecification\",\"valueRequired\":true,\"valueName\":\"search_term_string\"}}],\"inLanguage\":\"de\"},{\"@type\":\"Organization\",\"@id\":\"https:\/\/fwallschwil.ch\/WPNew\/#organization\",\"name\":\"Feuerwehr Allschwil-Sch\u00f6nenbuch\",\"url\":\"https:\/\/fwallschwil.ch\/WPNew\/\",\"logo\":{\"@type\":\"ImageObject\",\"inLanguage\":\"de\",\"@id\":\"https:\/\/fwallschwil.ch\/WPNew\/#\/schema\/logo\/image\/\",\"url\":\"https:\/\/fwallschwil.ch\/WPNew\/wp-content\/uploads\/2022\/04\/850_0019-copy.jpg\",\"contentUrl\":\"https:\/\/fwallschwil.ch\/WPNew\/wp-content\/uploads\/2022\/04\/850_0019-copy.jpg\",\"width\":120,\"height\":90,\"caption\":\"Feuerwehr Allschwil-Sch\u00f6nenbuch\"},\"image\":{\"@id\":\"https:\/\/fwallschwil.ch\/WPNew\/#\/schema\/logo\/image\/\"}}]}<\/script>\n<!-- \/ Yoast SEO plugin. -->","yoast_head_json":{"title":"\u00dcber uns - Feuerwehr Allschwil-Sch\u00f6nenbuch","robots":{"index":"index","follow":"follow","max-snippet":"max-snippet:-1","max-image-preview":"max-image-preview:large","max-video-preview":"max-video-preview:-1"},"canonical":"https:\/\/fwallschwil.ch\/WPNew\/ueber-uns\/","og_locale":"de_DE","og_type":"article","og_title":"\u00dcber uns - Feuerwehr Allschwil-Sch\u00f6nenbuch","og_description":"Bei der Feuerwehr Allschwil-Sch\u00f6nenbuch leisten rund 65 sogenannte AdF (Angeh\u00f6rige der Feuerwehr) ihren Dienst f\u00fcr die Allgemeinheit. Sie stehen den ca. 20 000 Einwohnerinnen und Einwohnern w\u00e4hrend 365 Tagen 24 Stunden f\u00fcr Notf\u00e4lle \u201ezur Verf\u00fcgung\u201c. Wir leisten \u00fcber 100 Eins\u00e4tze pro Jahr und sind entsprechend mit modernstem Material und Fahrzeugen ausger\u00fcstet. Strategische F\u00fchrung Die beiden [&hellip;]","og_url":"https:\/\/fwallschwil.ch\/WPNew\/ueber-uns\/","og_site_name":"Feuerwehr Allschwil-Sch\u00f6nenbuch","article_modified_time":"2026-01-20T13:41:49+00:00","og_image":[{"width":1920,"height":825,"url":"https:\/\/fwallschwil.ch\/WPNew\/wp-content\/uploads\/2022\/11\/Mannschaft_2018.jpeg","type":"image\/jpeg"}],"twitter_card":"summary_large_image","twitter_misc":{"Gesch\u00e4tzte Lesezeit":"2\u00a0Minuten"},"schema":{"@context":"https:\/\/schema.org","@graph":[{"@type":"WebPage","@id":"https:\/\/fwallschwil.ch\/WPNew\/ueber-uns\/","url":"https:\/\/fwallschwil.ch\/WPNew\/ueber-uns\/","name":"\u00dcber uns - Feuerwehr Allschwil-Sch\u00f6nenbuch","isPartOf":{"@id":"https:\/\/fwallschwil.ch\/WPNew\/#website"},"primaryImageOfPage":{"@id":"https:\/\/fwallschwil.ch\/WPNew\/ueber-uns\/#primaryimage"},"image":{"@id":"https:\/\/fwallschwil.ch\/WPNew\/ueber-uns\/#primaryimage"},"thumbnailUrl":"https:\/\/fwallschwil.ch\/WPNew\/wp-content\/uploads\/2022\/11\/Mannschaft_2018-1024x440.jpeg","datePublished":"2022-09-17T06:49:21+00:00","dateModified":"2026-01-20T13:41:49+00:00","breadcrumb":{"@id":"https:\/\/fwallschwil.ch\/WPNew\/ueber-uns\/#breadcrumb"},"inLanguage":"de","potentialAction":[{"@type":"ReadAction","target":["https:\/\/fwallschwil.ch\/WPNew\/ueber-uns\/"]}]},{"@type":"ImageObject","inLanguage":"de","@id":"https:\/\/fwallschwil.ch\/WPNew\/ueber-uns\/#primaryimage","url":"https:\/\/fwallschwil.ch\/WPNew\/wp-content\/uploads\/2022\/11\/Mannschaft_2018.jpeg","contentUrl":"https:\/\/fwallschwil.ch\/WPNew\/wp-content\/uploads\/2022\/11\/Mannschaft_2018.jpeg","width":1920,"height":825},{"@type":"BreadcrumbList","@id":"https:\/\/fwallschwil.ch\/WPNew\/ueber-uns\/#breadcrumb","itemListElement":[{"@type":"ListItem","position":1,"name":"Startseite","item":"https:\/\/fwallschwil.ch\/WPNew\/"},{"@type":"ListItem","position":2,"name":"\u00dcber uns"}]},{"@type":"WebSite","@id":"https:\/\/fwallschwil.ch\/WPNew\/#website","url":"https:\/\/fwallschwil.ch\/WPNew\/","name":"Feuerwehr Allschwil-Sch\u00f6nenbuch","description":"Die Webseite der Feuerwehr Allschwil-Sch\u00f6nenbuch","publisher":{"@id":"https:\/\/fwallschwil.ch\/WPNew\/#organization"},"potentialAction":[{"@type":"SearchAction","target":{"@type":"EntryPoint","urlTemplate":"https:\/\/fwallschwil.ch\/WPNew\/?s={search_term_string}"},"query-input":{"@type":"PropertyValueSpecification","valueRequired":true,"valueName":"search_term_string"}}],"inLanguage":"de"},{"@type":"Organization","@id":"https:\/\/fwallschwil.ch\/WPNew\/#organization","name":"Feuerwehr Allschwil-Sch\u00f6nenbuch","url":"https:\/\/fwallschwil.ch\/WPNew\/","logo":{"@type":"ImageObject","inLanguage":"de","@id":"https:\/\/fwallschwil.ch\/WPNew\/#\/schema\/logo\/image\/","url":"https:\/\/fwallschwil.ch\/WPNew\/wp-content\/uploads\/2022\/04\/850_0019-copy.jpg","contentUrl":"https:\/\/fwallschwil.ch\/WPNew\/wp-content\/uploads\/2022\/04\/850_0019-copy.jpg","width":120,"height":90,"caption":"Feuerwehr Allschwil-Sch\u00f6nenbuch"},"image":{"@id":"https:\/\/fwallschwil.ch\/WPNew\/#\/schema\/logo\/image\/"}}]}},"_links":{"self":[{"href":"https:\/\/fwallschwil.ch\/WPNew\/wp-json\/wp\/v2\/pages\/115","targetHints":{"allow":["GET"]}}],"collection":[{"href":"https:\/\/fwallschwil.ch\/WPNew\/wp-json\/wp\/v2\/pages"}],"about":[{"href":"https:\/\/fwallschwil.ch\/WPNew\/wp-json\/wp\/v2\/types\/page"}],"author":[{"embeddable":true,"href":"https:\/\/fwallschwil.ch\/WPNew\/wp-json\/wp\/v2\/users\/2"}],"replies":[{"embeddable":true,"href":"https:\/\/fwallschwil.ch\/WPNew\/wp-json\/wp\/v2\/comments?post=115"}],"version-history":[{"count":43,"href":"https:\/\/fwallschwil.ch\/WPNew\/wp-json\/wp\/v2\/pages\/115\/revisions"}],"predecessor-version":[{"id":2703,"href":"https:\/\/fwallschwil.ch\/WPNew\/wp-json\/wp\/v2\/pages\/115\/revisions\/2703"}],"wp:attachment":[{"href":"https:\/\/fwallschwil.ch\/WPNew\/wp-json\/wp\/v2\/media?parent=115"}],"curies":[{"name":"wp","href":"https:\/\/api.w.org\/{rel}","templated":true}]}}