{"id":1221,"date":"2022-11-23T11:41:14","date_gmt":"2022-11-23T10:41:14","guid":{"rendered":"https:\/\/fwallschwil.ch\/WPNew\/?page_id=1221"},"modified":"2023-10-01T21:34:58","modified_gmt":"2023-10-01T19:34:58","slug":"anhaenger","status":"publish","type":"page","link":"https:\/\/fwallschwil.ch\/WPNew\/anhaenger\/","title":{"rendered":"Anh\u00e4nger"},"content":{"rendered":"\t\t<div data-elementor-type=\"wp-page\" data-elementor-id=\"1221\" class=\"elementor elementor-1221\">\n\t\t\t\t\t\t<section class=\"elementor-section elementor-top-section elementor-element elementor-element-cbd0c97 elementor-section-boxed elementor-section-height-default elementor-section-height-default\" data-id=\"cbd0c97\" data-element_type=\"section\">\n\t\t\t\t\t\t<div class=\"elementor-container elementor-column-gap-default\">\n\t\t\t\t\t<div class=\"elementor-column elementor-col-100 elementor-top-column elementor-element elementor-element-4375be6\" data-id=\"4375be6\" data-element_type=\"column\">\n\t\t\t<div class=\"elementor-widget-wrap elementor-element-populated\">\n\t\t\t\t\t\t<div class=\"elementor-element elementor-element-4cab70c elementor-widget elementor-widget-image-gallery\" data-id=\"4cab70c\" data-element_type=\"widget\" data-widget_type=\"image-gallery.default\">\n\t\t\t\t<div class=\"elementor-widget-container\">\n\t\t\t\t\t\t\t<div class=\"elementor-image-gallery\">\n\t\t\t\n\t\t<style type=\"text\/css\">\n\t\t\t#gallery-1 {\n\t\t\t\tmargin: auto;\n\t\t\t}\n\t\t\t#gallery-1 .gallery-item {\n\t\t\t\tfloat: left;\n\t\t\t\tmargin-top: 10px;\n\t\t\t\ttext-align: center;\n\t\t\t\twidth: 50%;\n\t\t\t}\n\t\t\t#gallery-1 img {\n\t\t\t\tborder: 2px solid #cfcfcf;\n\t\t\t}\n\t\t\t#gallery-1 .gallery-caption {\n\t\t\t\tmargin-left: 0;\n\t\t\t}\n\t\t\t\/* see gallery_shortcode() in wp-includes\/media.php *\/\n\t\t<\/style>\n\t\t<div id='gallery-1' class='gallery galleryid-1221 gallery-columns-2 gallery-size-medium'><dl class='gallery-item'>\n\t\t\t<dt class='gallery-icon landscape'>\n\t\t\t\t<a data-elementor-open-lightbox=\"yes\" data-elementor-lightbox-slideshow=\"4cab70c\" data-elementor-lightbox-title=\"L\u00f6pu | L\u00f6schpumpe Typ 3\" data-e-action-hash=\"#elementor-action%3Aaction%3Dlightbox%26settings%3DeyJpZCI6MTIwOCwidXJsIjoiaHR0cHM6XC9cL2Z3YWxsc2Nod2lsLmNoXC9XUE5ld1wvd3AtY29udGVudFwvdXBsb2Fkc1wvMjAyMlwvMTFcL0xvZXB1LmpwZyIsInNsaWRlc2hvdyI6IjRjYWI3MGMifQ%3D%3D\" href='https:\/\/fwallschwil.ch\/WPNew\/wp-content\/uploads\/2022\/11\/Loepu.jpg'><img fetchpriority=\"high\" decoding=\"async\" width=\"300\" height=\"191\" src=\"https:\/\/fwallschwil.ch\/WPNew\/wp-content\/uploads\/2022\/11\/Loepu-300x191.jpg\" class=\"attachment-medium size-medium\" alt=\"\" aria-describedby=\"gallery-1-1208\" srcset=\"https:\/\/fwallschwil.ch\/WPNew\/wp-content\/uploads\/2022\/11\/Loepu-300x191.jpg 300w, https:\/\/fwallschwil.ch\/WPNew\/wp-content\/uploads\/2022\/11\/Loepu.jpg 384w\" sizes=\"(max-width: 300px) 100vw, 300px\" \/><\/a>\n\t\t\t<\/dt>\n\t\t\t\t<dd class='wp-caption-text gallery-caption' id='gallery-1-1208'>\n\t\t\t\tL\u00f6pu | L\u00f6schpumpe Typ 3\n\t\t\t\t<\/dd><\/dl><dl class='gallery-item'>\n\t\t\t<dt class='gallery-icon landscape'>\n\t\t\t\t<a data-elementor-open-lightbox=\"yes\" data-elementor-lightbox-slideshow=\"4cab70c\" data-elementor-lightbox-title=\"Schlauchauslege-Anh\u00e4nger\" data-e-action-hash=\"#elementor-action%3Aaction%3Dlightbox%26settings%3DeyJpZCI6MTIxNywidXJsIjoiaHR0cHM6XC9cL2Z3YWxsc2Nod2lsLmNoXC9XUE5ld1wvd3AtY29udGVudFwvdXBsb2Fkc1wvMjAyMlwvMTFcL1NjaGxhdWNoLmpwZyIsInNsaWRlc2hvdyI6IjRjYWI3MGMifQ%3D%3D\" href='https:\/\/fwallschwil.ch\/WPNew\/wp-content\/uploads\/2022\/11\/Schlauch.jpg'><img decoding=\"async\" width=\"300\" height=\"202\" src=\"https:\/\/fwallschwil.ch\/WPNew\/wp-content\/uploads\/2022\/11\/Schlauch-300x202.jpg\" class=\"attachment-medium size-medium\" alt=\"\" aria-describedby=\"gallery-1-1217\" srcset=\"https:\/\/fwallschwil.ch\/WPNew\/wp-content\/uploads\/2022\/11\/Schlauch-300x202.jpg 300w, https:\/\/fwallschwil.ch\/WPNew\/wp-content\/uploads\/2022\/11\/Schlauch.jpg 315w\" sizes=\"(max-width: 300px) 100vw, 300px\" \/><\/a>\n\t\t\t<\/dt>\n\t\t\t\t<dd class='wp-caption-text gallery-caption' id='gallery-1-1217'>\n\t\t\t\tSchlauchauslege-Anh\u00e4nger\n\t\t\t\t<\/dd><\/dl><br style=\"clear: both\" \/><dl class='gallery-item'>\n\t\t\t<dt class='gallery-icon landscape'>\n\t\t\t\t<a data-elementor-open-lightbox=\"yes\" data-elementor-lightbox-slideshow=\"4cab70c\" data-elementor-lightbox-title=\"Notstromgenerator 160 kVA\" data-e-action-hash=\"#elementor-action%3Aaction%3Dlightbox%26settings%3DeyJpZCI6MTE5NywidXJsIjoiaHR0cHM6XC9cL2Z3YWxsc2Nod2lsLmNoXC9XUE5ld1wvd3AtY29udGVudFwvdXBsb2Fkc1wvMjAyMlwvMTFcL05vdHN0cm9tLmpwZyIsInNsaWRlc2hvdyI6IjRjYWI3MGMifQ%3D%3D\" href='https:\/\/fwallschwil.ch\/WPNew\/wp-content\/uploads\/2022\/11\/Notstrom.jpg'><img decoding=\"async\" width=\"300\" height=\"225\" src=\"https:\/\/fwallschwil.ch\/WPNew\/wp-content\/uploads\/2022\/11\/Notstrom-300x225.jpg\" class=\"attachment-medium size-medium\" alt=\"\" aria-describedby=\"gallery-1-1197\" srcset=\"https:\/\/fwallschwil.ch\/WPNew\/wp-content\/uploads\/2022\/11\/Notstrom-300x225.jpg 300w, https:\/\/fwallschwil.ch\/WPNew\/wp-content\/uploads\/2022\/11\/Notstrom.jpg 525w\" sizes=\"(max-width: 300px) 100vw, 300px\" \/><\/a>\n\t\t\t<\/dt>\n\t\t\t\t<dd class='wp-caption-text gallery-caption' id='gallery-1-1197'>\n\t\t\t\tNotstromgenerator 160 kVA\n\t\t\t\t<\/dd><\/dl><dl class='gallery-item'>\n\t\t\t<dt class='gallery-icon landscape'>\n\t\t\t\t<a data-elementor-open-lightbox=\"yes\" data-elementor-lightbox-slideshow=\"4cab70c\" data-elementor-lightbox-title=\"Motorspritze Typ 2\" data-e-action-hash=\"#elementor-action%3Aaction%3Dlightbox%26settings%3DeyJpZCI6MTE4OCwidXJsIjoiaHR0cHM6XC9cL2Z3YWxsc2Nod2lsLmNoXC9XUE5ld1wvd3AtY29udGVudFwvdXBsb2Fkc1wvMjAyMlwvMTFcL01TLTEuanBnIiwic2xpZGVzaG93IjoiNGNhYjcwYyJ9\" href='https:\/\/fwallschwil.ch\/WPNew\/wp-content\/uploads\/2022\/11\/MS-1.jpg'><img loading=\"lazy\" decoding=\"async\" width=\"300\" height=\"217\" src=\"https:\/\/fwallschwil.ch\/WPNew\/wp-content\/uploads\/2022\/11\/MS-1-300x217.jpg\" class=\"attachment-medium size-medium\" alt=\"\" aria-describedby=\"gallery-1-1188\" srcset=\"https:\/\/fwallschwil.ch\/WPNew\/wp-content\/uploads\/2022\/11\/MS-1-300x217.jpg 300w, https:\/\/fwallschwil.ch\/WPNew\/wp-content\/uploads\/2022\/11\/MS-1.jpg 384w\" sizes=\"(max-width: 300px) 100vw, 300px\" \/><\/a>\n\t\t\t<\/dt>\n\t\t\t\t<dd class='wp-caption-text gallery-caption' id='gallery-1-1188'>\n\t\t\t\tMotorspritze Typ 2\n\t\t\t\t<\/dd><\/dl><br style=\"clear: both\" \/><dl class='gallery-item'>\n\t\t\t<dt class='gallery-icon landscape'>\n\t\t\t\t<a data-elementor-open-lightbox=\"yes\" data-elementor-lightbox-slideshow=\"4cab70c\" data-elementor-lightbox-title=\"850_0337\" data-e-action-hash=\"#elementor-action%3Aaction%3Dlightbox%26settings%3DeyJpZCI6MjIzNywidXJsIjoiaHR0cHM6XC9cL2Z3YWxsc2Nod2lsLmNoXC9XUE5ld1wvd3AtY29udGVudFwvdXBsb2Fkc1wvMjAyM1wvMTBcLzg1MF8wMzM3LmpwZyIsInNsaWRlc2hvdyI6IjRjYWI3MGMifQ%3D%3D\" href='https:\/\/fwallschwil.ch\/WPNew\/wp-content\/uploads\/2023\/10\/850_0337.jpg'><img loading=\"lazy\" decoding=\"async\" width=\"300\" height=\"200\" src=\"https:\/\/fwallschwil.ch\/WPNew\/wp-content\/uploads\/2023\/10\/850_0337-300x200.jpg\" class=\"attachment-medium size-medium\" alt=\"\" aria-describedby=\"gallery-1-2237\" srcset=\"https:\/\/fwallschwil.ch\/WPNew\/wp-content\/uploads\/2023\/10\/850_0337-300x200.jpg 300w, https:\/\/fwallschwil.ch\/WPNew\/wp-content\/uploads\/2023\/10\/850_0337.jpg 448w\" sizes=\"(max-width: 300px) 100vw, 300px\" \/><\/a>\n\t\t\t<\/dt>\n\t\t\t\t<dd class='wp-caption-text gallery-caption' id='gallery-1-2237'>\n\t\t\t\tMotorspritze Typ 2 L\u00f6schen\n\t\t\t\t<\/dd><\/dl><dl class='gallery-item'>\n\t\t\t<dt class='gallery-icon landscape'>\n\t\t\t\t<a data-elementor-open-lightbox=\"yes\" data-elementor-lightbox-slideshow=\"4cab70c\" data-elementor-lightbox-title=\"850_0352\" data-e-action-hash=\"#elementor-action%3Aaction%3Dlightbox%26settings%3DeyJpZCI6MjIzOCwidXJsIjoiaHR0cHM6XC9cL2Z3YWxsc2Nod2lsLmNoXC9XUE5ld1wvd3AtY29udGVudFwvdXBsb2Fkc1wvMjAyM1wvMTBcLzg1MF8wMzUyLmpwZyIsInNsaWRlc2hvdyI6IjRjYWI3MGMifQ%3D%3D\" href='https:\/\/fwallschwil.ch\/WPNew\/wp-content\/uploads\/2023\/10\/850_0352.jpg'><img loading=\"lazy\" decoding=\"async\" width=\"300\" height=\"200\" src=\"https:\/\/fwallschwil.ch\/WPNew\/wp-content\/uploads\/2023\/10\/850_0352-300x200.jpg\" class=\"attachment-medium size-medium\" alt=\"\" aria-describedby=\"gallery-1-2238\" srcset=\"https:\/\/fwallschwil.ch\/WPNew\/wp-content\/uploads\/2023\/10\/850_0352-300x200.jpg 300w, https:\/\/fwallschwil.ch\/WPNew\/wp-content\/uploads\/2023\/10\/850_0352.jpg 448w\" sizes=\"(max-width: 300px) 100vw, 300px\" \/><\/a>\n\t\t\t<\/dt>\n\t\t\t\t<dd class='wp-caption-text gallery-caption' id='gallery-1-2238'>\n\t\t\t\tMotorspritze Typ 2 Wassertransport\n\t\t\t\t<\/dd><\/dl><br style=\"clear: both\" \/><dl class='gallery-item'>\n\t\t\t<dt class='gallery-icon landscape'>\n\t\t\t\t<a data-elementor-open-lightbox=\"yes\" data-elementor-lightbox-slideshow=\"4cab70c\" data-elementor-lightbox-title=\"850_0354\" data-e-action-hash=\"#elementor-action%3Aaction%3Dlightbox%26settings%3DeyJpZCI6MjIzOSwidXJsIjoiaHR0cHM6XC9cL2Z3YWxsc2Nod2lsLmNoXC9XUE5ld1wvd3AtY29udGVudFwvdXBsb2Fkc1wvMjAyM1wvMTBcLzg1MF8wMzU0LmpwZyIsInNsaWRlc2hvdyI6IjRjYWI3MGMifQ%3D%3D\" href='https:\/\/fwallschwil.ch\/WPNew\/wp-content\/uploads\/2023\/10\/850_0354.jpg'><img loading=\"lazy\" decoding=\"async\" width=\"300\" height=\"200\" src=\"https:\/\/fwallschwil.ch\/WPNew\/wp-content\/uploads\/2023\/10\/850_0354-300x200.jpg\" class=\"attachment-medium size-medium\" alt=\"\" aria-describedby=\"gallery-1-2239\" srcset=\"https:\/\/fwallschwil.ch\/WPNew\/wp-content\/uploads\/2023\/10\/850_0354-300x200.jpg 300w, https:\/\/fwallschwil.ch\/WPNew\/wp-content\/uploads\/2023\/10\/850_0354.jpg 448w\" sizes=\"(max-width: 300px) 100vw, 300px\" \/><\/a>\n\t\t\t<\/dt>\n\t\t\t\t<dd class='wp-caption-text gallery-caption' id='gallery-1-2239'>\n\t\t\t\tParatech-Anh\u00e4nger\n\t\t\t\t<\/dd><\/dl><dl class='gallery-item'>\n\t\t\t<dt class='gallery-icon landscape'>\n\t\t\t\t<a data-elementor-open-lightbox=\"yes\" data-elementor-lightbox-slideshow=\"4cab70c\" data-elementor-lightbox-title=\"850_0363\" data-e-action-hash=\"#elementor-action%3Aaction%3Dlightbox%26settings%3DeyJpZCI6MjI0MCwidXJsIjoiaHR0cHM6XC9cL2Z3YWxsc2Nod2lsLmNoXC9XUE5ld1wvd3AtY29udGVudFwvdXBsb2Fkc1wvMjAyM1wvMTBcLzg1MF8wMzYzLmpwZyIsInNsaWRlc2hvdyI6IjRjYWI3MGMifQ%3D%3D\" href='https:\/\/fwallschwil.ch\/WPNew\/wp-content\/uploads\/2023\/10\/850_0363.jpg'><img loading=\"lazy\" decoding=\"async\" width=\"300\" height=\"200\" src=\"https:\/\/fwallschwil.ch\/WPNew\/wp-content\/uploads\/2023\/10\/850_0363-300x200.jpg\" class=\"attachment-medium size-medium\" alt=\"\" aria-describedby=\"gallery-1-2240\" srcset=\"https:\/\/fwallschwil.ch\/WPNew\/wp-content\/uploads\/2023\/10\/850_0363-300x200.jpg 300w, https:\/\/fwallschwil.ch\/WPNew\/wp-content\/uploads\/2023\/10\/850_0363.jpg 448w\" sizes=\"(max-width: 300px) 100vw, 300px\" \/><\/a>\n\t\t\t<\/dt>\n\t\t\t\t<dd class='wp-caption-text gallery-caption' id='gallery-1-2240'>\n\t\t\t\tH\u00f6chstdruck L\u00f6schanlage\n\t\t\t\t<\/dd><\/dl><br style=\"clear: both\" \/>\n\t\t<\/div>\n\t\t<\/div>\n\t\t\t\t\t\t<\/div>\n\t\t\t\t<\/div>\n\t\t\t\t\t<\/div>\n\t\t<\/div>\n\t\t\t\t\t<\/div>\n\t\t<\/section>\n\t\t\t\t<\/div>\n\t\t","protected":false},"excerpt":{"rendered":"<p>L\u00f6pu | L\u00f6schpumpe Typ 3 Schlauchauslege-Anh\u00e4nger Notstromgenerator 160 kVA Motorspritze Typ 2 Motorspritze Typ 2 L\u00f6schen Motorspritze Typ 2 Wassertransport Paratech-Anh\u00e4nger H\u00f6chstdruck L\u00f6schanlage<\/p>\n","protected":false},"author":3,"featured_media":0,"parent":0,"menu_order":0,"comment_status":"closed","ping_status":"closed","template":"","meta":{"footnotes":""},"class_list":["post-1221","page","type-page","status-publish","hentry"],"yoast_head":"<!-- This site is optimized with the Yoast SEO plugin v26.2 - https:\/\/yoast.com\/wordpress\/plugins\/seo\/ -->\n<title>Anh\u00e4nger - Feuerwehr Allschwil-Sch\u00f6nenbuch<\/title>\n<meta name=\"robots\" content=\"index, follow, max-snippet:-1, max-image-preview:large, max-video-preview:-1\" \/>\n<link rel=\"canonical\" href=\"https:\/\/fwallschwil.ch\/WPNew\/anhaenger\/\" \/>\n<meta property=\"og:locale\" content=\"de_DE\" \/>\n<meta property=\"og:type\" content=\"article\" \/>\n<meta property=\"og:title\" content=\"Anh\u00e4nger - Feuerwehr Allschwil-Sch\u00f6nenbuch\" \/>\n<meta property=\"og:description\" content=\"L\u00f6pu | L\u00f6schpumpe Typ 3 Schlauchauslege-Anh\u00e4nger Notstromgenerator 160 kVA Motorspritze Typ 2 Motorspritze Typ 2 L\u00f6schen Motorspritze Typ 2 Wassertransport Paratech-Anh\u00e4nger H\u00f6chstdruck L\u00f6schanlage\" \/>\n<meta property=\"og:url\" content=\"https:\/\/fwallschwil.ch\/WPNew\/anhaenger\/\" \/>\n<meta property=\"og:site_name\" content=\"Feuerwehr Allschwil-Sch\u00f6nenbuch\" \/>\n<meta property=\"article:modified_time\" content=\"2023-10-01T19:34:58+00:00\" \/>\n<meta property=\"og:image\" content=\"https:\/\/fwallschwil.ch\/WPNew\/wp-content\/uploads\/2022\/11\/Loepu-300x191.jpg\" \/>\n<meta name=\"twitter:card\" content=\"summary_large_image\" \/>\n<script type=\"application\/ld+json\" class=\"yoast-schema-graph\">{\"@context\":\"https:\/\/schema.org\",\"@graph\":[{\"@type\":\"WebPage\",\"@id\":\"https:\/\/fwallschwil.ch\/WPNew\/anhaenger\/\",\"url\":\"https:\/\/fwallschwil.ch\/WPNew\/anhaenger\/\",\"name\":\"Anh\u00e4nger - Feuerwehr Allschwil-Sch\u00f6nenbuch\",\"isPartOf\":{\"@id\":\"https:\/\/fwallschwil.ch\/WPNew\/#website\"},\"primaryImageOfPage\":{\"@id\":\"https:\/\/fwallschwil.ch\/WPNew\/anhaenger\/#primaryimage\"},\"image\":{\"@id\":\"https:\/\/fwallschwil.ch\/WPNew\/anhaenger\/#primaryimage\"},\"thumbnailUrl\":\"https:\/\/fwallschwil.ch\/WPNew\/wp-content\/uploads\/2022\/11\/Loepu-300x191.jpg\",\"datePublished\":\"2022-11-23T10:41:14+00:00\",\"dateModified\":\"2023-10-01T19:34:58+00:00\",\"breadcrumb\":{\"@id\":\"https:\/\/fwallschwil.ch\/WPNew\/anhaenger\/#breadcrumb\"},\"inLanguage\":\"de\",\"potentialAction\":[{\"@type\":\"ReadAction\",\"target\":[\"https:\/\/fwallschwil.ch\/WPNew\/anhaenger\/\"]}]},{\"@type\":\"ImageObject\",\"inLanguage\":\"de\",\"@id\":\"https:\/\/fwallschwil.ch\/WPNew\/anhaenger\/#primaryimage\",\"url\":\"https:\/\/fwallschwil.ch\/WPNew\/wp-content\/uploads\/2022\/11\/Loepu.jpg\",\"contentUrl\":\"https:\/\/fwallschwil.ch\/WPNew\/wp-content\/uploads\/2022\/11\/Loepu.jpg\",\"width\":384,\"height\":244,\"caption\":\"L\u00f6pu | L\u00f6schpumpe Typ 3\"},{\"@type\":\"BreadcrumbList\",\"@id\":\"https:\/\/fwallschwil.ch\/WPNew\/anhaenger\/#breadcrumb\",\"itemListElement\":[{\"@type\":\"ListItem\",\"position\":1,\"name\":\"Startseite\",\"item\":\"https:\/\/fwallschwil.ch\/WPNew\/\"},{\"@type\":\"ListItem\",\"position\":2,\"name\":\"Anh\u00e4nger\"}]},{\"@type\":\"WebSite\",\"@id\":\"https:\/\/fwallschwil.ch\/WPNew\/#website\",\"url\":\"https:\/\/fwallschwil.ch\/WPNew\/\",\"name\":\"Feuerwehr Allschwil-Sch\u00f6nenbuch\",\"description\":\"Die Webseite der Feuerwehr Allschwil-Sch\u00f6nenbuch\",\"publisher\":{\"@id\":\"https:\/\/fwallschwil.ch\/WPNew\/#organization\"},\"potentialAction\":[{\"@type\":\"SearchAction\",\"target\":{\"@type\":\"EntryPoint\",\"urlTemplate\":\"https:\/\/fwallschwil.ch\/WPNew\/?s={search_term_string}\"},\"query-input\":{\"@type\":\"PropertyValueSpecification\",\"valueRequired\":true,\"valueName\":\"search_term_string\"}}],\"inLanguage\":\"de\"},{\"@type\":\"Organization\",\"@id\":\"https:\/\/fwallschwil.ch\/WPNew\/#organization\",\"name\":\"Feuerwehr Allschwil-Sch\u00f6nenbuch\",\"url\":\"https:\/\/fwallschwil.ch\/WPNew\/\",\"logo\":{\"@type\":\"ImageObject\",\"inLanguage\":\"de\",\"@id\":\"https:\/\/fwallschwil.ch\/WPNew\/#\/schema\/logo\/image\/\",\"url\":\"https:\/\/fwallschwil.ch\/WPNew\/wp-content\/uploads\/2022\/04\/850_0019-copy.jpg\",\"contentUrl\":\"https:\/\/fwallschwil.ch\/WPNew\/wp-content\/uploads\/2022\/04\/850_0019-copy.jpg\",\"width\":120,\"height\":90,\"caption\":\"Feuerwehr Allschwil-Sch\u00f6nenbuch\"},\"image\":{\"@id\":\"https:\/\/fwallschwil.ch\/WPNew\/#\/schema\/logo\/image\/\"}}]}<\/script>\n<!-- \/ Yoast SEO plugin. -->","yoast_head_json":{"title":"Anh\u00e4nger - Feuerwehr Allschwil-Sch\u00f6nenbuch","robots":{"index":"index","follow":"follow","max-snippet":"max-snippet:-1","max-image-preview":"max-image-preview:large","max-video-preview":"max-video-preview:-1"},"canonical":"https:\/\/fwallschwil.ch\/WPNew\/anhaenger\/","og_locale":"de_DE","og_type":"article","og_title":"Anh\u00e4nger - Feuerwehr Allschwil-Sch\u00f6nenbuch","og_description":"L\u00f6pu | L\u00f6schpumpe Typ 3 Schlauchauslege-Anh\u00e4nger Notstromgenerator 160 kVA Motorspritze Typ 2 Motorspritze Typ 2 L\u00f6schen Motorspritze Typ 2 Wassertransport Paratech-Anh\u00e4nger H\u00f6chstdruck L\u00f6schanlage","og_url":"https:\/\/fwallschwil.ch\/WPNew\/anhaenger\/","og_site_name":"Feuerwehr Allschwil-Sch\u00f6nenbuch","article_modified_time":"2023-10-01T19:34:58+00:00","og_image":[{"url":"https:\/\/fwallschwil.ch\/WPNew\/wp-content\/uploads\/2022\/11\/Loepu-300x191.jpg","type":"","width":"","height":""}],"twitter_card":"summary_large_image","schema":{"@context":"https:\/\/schema.org","@graph":[{"@type":"WebPage","@id":"https:\/\/fwallschwil.ch\/WPNew\/anhaenger\/","url":"https:\/\/fwallschwil.ch\/WPNew\/anhaenger\/","name":"Anh\u00e4nger - Feuerwehr Allschwil-Sch\u00f6nenbuch","isPartOf":{"@id":"https:\/\/fwallschwil.ch\/WPNew\/#website"},"primaryImageOfPage":{"@id":"https:\/\/fwallschwil.ch\/WPNew\/anhaenger\/#primaryimage"},"image":{"@id":"https:\/\/fwallschwil.ch\/WPNew\/anhaenger\/#primaryimage"},"thumbnailUrl":"https:\/\/fwallschwil.ch\/WPNew\/wp-content\/uploads\/2022\/11\/Loepu-300x191.jpg","datePublished":"2022-11-23T10:41:14+00:00","dateModified":"2023-10-01T19:34:58+00:00","breadcrumb":{"@id":"https:\/\/fwallschwil.ch\/WPNew\/anhaenger\/#breadcrumb"},"inLanguage":"de","potentialAction":[{"@type":"ReadAction","target":["https:\/\/fwallschwil.ch\/WPNew\/anhaenger\/"]}]},{"@type":"ImageObject","inLanguage":"de","@id":"https:\/\/fwallschwil.ch\/WPNew\/anhaenger\/#primaryimage","url":"https:\/\/fwallschwil.ch\/WPNew\/wp-content\/uploads\/2022\/11\/Loepu.jpg","contentUrl":"https:\/\/fwallschwil.ch\/WPNew\/wp-content\/uploads\/2022\/11\/Loepu.jpg","width":384,"height":244,"caption":"L\u00f6pu | L\u00f6schpumpe Typ 3"},{"@type":"BreadcrumbList","@id":"https:\/\/fwallschwil.ch\/WPNew\/anhaenger\/#breadcrumb","itemListElement":[{"@type":"ListItem","position":1,"name":"Startseite","item":"https:\/\/fwallschwil.ch\/WPNew\/"},{"@type":"ListItem","position":2,"name":"Anh\u00e4nger"}]},{"@type":"WebSite","@id":"https:\/\/fwallschwil.ch\/WPNew\/#website","url":"https:\/\/fwallschwil.ch\/WPNew\/","name":"Feuerwehr Allschwil-Sch\u00f6nenbuch","description":"Die Webseite der Feuerwehr Allschwil-Sch\u00f6nenbuch","publisher":{"@id":"https:\/\/fwallschwil.ch\/WPNew\/#organization"},"potentialAction":[{"@type":"SearchAction","target":{"@type":"EntryPoint","urlTemplate":"https:\/\/fwallschwil.ch\/WPNew\/?s={search_term_string}"},"query-input":{"@type":"PropertyValueSpecification","valueRequired":true,"valueName":"search_term_string"}}],"inLanguage":"de"},{"@type":"Organization","@id":"https:\/\/fwallschwil.ch\/WPNew\/#organization","name":"Feuerwehr Allschwil-Sch\u00f6nenbuch","url":"https:\/\/fwallschwil.ch\/WPNew\/","logo":{"@type":"ImageObject","inLanguage":"de","@id":"https:\/\/fwallschwil.ch\/WPNew\/#\/schema\/logo\/image\/","url":"https:\/\/fwallschwil.ch\/WPNew\/wp-content\/uploads\/2022\/04\/850_0019-copy.jpg","contentUrl":"https:\/\/fwallschwil.ch\/WPNew\/wp-content\/uploads\/2022\/04\/850_0019-copy.jpg","width":120,"height":90,"caption":"Feuerwehr Allschwil-Sch\u00f6nenbuch"},"image":{"@id":"https:\/\/fwallschwil.ch\/WPNew\/#\/schema\/logo\/image\/"}}]}},"_links":{"self":[{"href":"https:\/\/fwallschwil.ch\/WPNew\/wp-json\/wp\/v2\/pages\/1221","targetHints":{"allow":["GET"]}}],"collection":[{"href":"https:\/\/fwallschwil.ch\/WPNew\/wp-json\/wp\/v2\/pages"}],"about":[{"href":"https:\/\/fwallschwil.ch\/WPNew\/wp-json\/wp\/v2\/types\/page"}],"author":[{"embeddable":true,"href":"https:\/\/fwallschwil.ch\/WPNew\/wp-json\/wp\/v2\/users\/3"}],"replies":[{"embeddable":true,"href":"https:\/\/fwallschwil.ch\/WPNew\/wp-json\/wp\/v2\/comments?post=1221"}],"version-history":[{"count":10,"href":"https:\/\/fwallschwil.ch\/WPNew\/wp-json\/wp\/v2\/pages\/1221\/revisions"}],"predecessor-version":[{"id":2286,"href":"https:\/\/fwallschwil.ch\/WPNew\/wp-json\/wp\/v2\/pages\/1221\/revisions\/2286"}],"wp:attachment":[{"href":"https:\/\/fwallschwil.ch\/WPNew\/wp-json\/wp\/v2\/media?parent=1221"}],"curies":[{"name":"wp","href":"https:\/\/api.w.org\/{rel}","templated":true}]}}